+ 3. Determine k(3).
24
Let v(u) = u**2 + 15*u + 9. Determine v(-3).
-27
Let a(t) = -4*t - 26. Give a(3).
-38
Let l(k) = k**2 + 18*k + 68. Determine l(-18).
68
Let r(c) = 2*c**2 + 5*c - 12. What is r(6)?
90
Let h(c) = c**2 - 14*c + 24. What is h(11)?
-9
Let j(b) = b**3 + b**2 - 2*b - 3. Calculate j(3).
27
Let r(h) = -h**2 - 10*h + 12. Determine r(-10).
12
Let w(d) = -52*d - 105. What is w(-2)?
-1
Let o(l) = 3*l - 24. Calculate o(8).
0
Let w(v) = -v**3 + 9*v**2 + 10*v + 9. Give w(10).
9
Let n(y) = y + 5. Determine n(-1).
4
Let z(j) = -5*j + 54. What is z(8)?
14
Let o(i) = i**2 + i - 4. Determine o(2).
2
Let s(n) = -2*n**2 - 13*n + 12. What is s(-7)?
5
Let n(c) = -c**2 - 7*c + 12. What is n(-8)?
4
Let q(y) = -y**2 + 18*y - 22. Calculate q(17).
-5
Let b(s) = s - 6. What is b(9)?
3
Let j(v) = -v - 10. Determine j(-10).
0
Let g(a) = -a**3 - 5*a**2 + 7*a + 25. What is g(-5)?
-10
Let r(d) = -2*d**3 - 10*d**2 - 4*d - 13. Determine r(-5).
7
Let r(s) = -s. What is r(3)?
-3
Let q(v) = -47*v**3 - 1. Calculate q(1).
-48
Let b(n) = -2*n**3 + 8*n**2 - 4*n + 10. What is b(4)?
-6
Let y(o) = 5*o + 23. Calculate y(-4).
3
Let g(b) = -b + 1. Give g(-8).
9
Let h(n) = 2*n**2 + 6*n + 13. What is h(-6)?
49
Let s(z) = 2*z**2 + 44*z + 111. What is s(-3)?
-3
Let h(y) = -y**3 - 13*y**2 - 16*y - 47. Calculate h(-12).
1
Let a(c) = 2*c**2 + 12*c + 16. What is a(-4)?
0
Let n(x) = x**3 - 3*x**2 + 3*x - 2. Give n(2).
0
Let q(z) = -z + 7. What is q(0)?
7
Let f(h) = h**2 - 10*h - 9. What is f(9)?
-18
Let n(k) = k**3 + 12*k**2 + 26*k + 3. Give n(-9).
12
Let t(v) = 4*v + 12. Calculate t(-7).
-16
Let j(c) = 2*c**2 - 33*c + 16. Determine j(16).
0
Let d(a) = 5*a + 48. Calculate d(0).
48
Let n(w) = w**3 - 14*w**2 - 2*w + 7. Determine n(14).
-21
Let h(m) = -m**3 + 9*m**2 + 12*m - 5. Determine h(10).
15
Let p(h) = -h**3 - 2*h**2 - 1. Calculate p(0).
-1
Let o(z) = -z**2 - 5. Calculate o(5).
-30
Let n(f) = -f**2 - 22*f - 25. Determine n(-21).
-4
Let u(z) = z**3 + 17*z**2 - z - 18. Calculate u(-17).
-1
Let a(d) = 48*d + 142. Calculate a(-3).
-2
Let b(y) = 3*y**3 + 58*y**2 + 20*y + 19. Determine b(-19).
0
Let j(q) = q**2 + 7*q + 19. Give j(-12).
79
Let s(d) = d**2 - 2*d - 5. Give s(-2).
3
Let s(a) = -33*a - 6. Calculate s(-5).
159
Let w(i) = 14*i**3 + i. What is w(-1)?
-15
Let n(o) = 3*o**2 - 2*o + 10. Determine n(3).
31
Let z(r) = -15*r - 1. Give z(2).
-31
Let k(c) = 3*c**2 + 3*c + 3. Give k(2).
21
Let d(q) = -35*q - 8. Calculate d(0).
-8
Let r(z) = 12*z - 26. Determine r(9).
82
Let t(y) = -y**3 + 10*y**2 - 9*y - 2. Determine t(9).
-2
Let l(z) = -z. Determine l(-8).
8
Let z(h) = 5*h - 22. Calculate z(8).
18
Let p(u) = u**2 - 6. What is p(3)?
3
Let w(t) = t - 9. Determine w(1).
-8
Let j(n) = -3*n**2 - n + 3. Give j(2).
-11
Let s(m) = -23*m + 365. Give s(18).
-49
Let k(t) = -2*t**3 - 4*t**2 - t - 4. Give k(-3).
17
Let j(d) = d**2 + 13*d + 53. Determine j(-7).
11
Let p(d) = d**3 - 7*d**2 - 22*d + 55. Calculate p(9).
19
Let c(s) = 4*s**2 - 8*s + 8. Give c(1).
4
Let c(d) = 8*d - 199. Calculate c(25).
1
Let c(j) = -2*j**2 - 6*j - 9. Calculate c(-3).
-9
Let c(i) = i**3 - 13*i**2 + 12*i + 13. Calculate c(12).
13
Let i(d) = -3*d**3 - 2*d**2 - d - 4. Give i(-3).
62
Let o(b) = -b + 6. Give o(13).
-7
Let b(d) = 3*d**2 - 34*d + 9. Determine b(10).
-31
Let a(y) = y**3 - 5*y**2 - 10*y + 4. Determine a(7).
32
Let o(c) = -2*c**3 - 2*c**2 + 7*c - 1. Give o(-3).
14
Let g(h) = 4*h**2 + 2*h - 1. Calculate g(1).
5
Let i(g) = -g**3 - 55*g**2 + 58*g + 109. Determine i(-56).
-3
Let c(k) = k**2 - 4*k - 7. Calculate c(-3).
14
Let p(w) = -w**3 - 7*w**2 + w + 12. What is p(0)?
12
Let g(w) = -w**3 - 9*w**2 + 13. Give g(-9).
13
Let x(o) = 2*o**2 + 10*o + 6. Determine x(-3).
-6
Let u(y) = -y**2 - 11*y + 33. Give u(-13).
7
Let f(p) = 11*p - 2. Determine f(1).
9
Let r(s) = s**3 - 12*s**2 + 15*s + 11. Give r(9).
-97
Let w(s) = s**2 + s + 4. Give w(-5).
24
Let y(q) = 3*q + 3. Calculate y(11).
36
Let c(j) = -72*j - 425. Give c(-6).
7
Let u(w) = -w**3 - 3*w + 4. Determine u(2).
-10
Let h(m) = m**2 - 10*m - 20. What is h(11)?
-9
Let g(p) = -6*p**3 + 61*p**2 - 14*p - 1. Calculate g(10).
-41
Let x(l) = -l**3 - 3*l**2 + 4*l + 3. Determine x(-4).
3
Let v(x) = -x**3 - 7*x**2 + 5*x - 6. Give v(-8).
18
Let b(i) = i**3 + 2*i**2 - 6*i - 3. Calculate b(-4).
-11
Let f(g) = 30*g - 1. Give f(-2).
-61
Let q(u) = -4*u**3 + 2*u**2 - u + 1. Give q(2).
-25
Let k(o) = -o**3 + 11*o**2 - o + 14. Determine k(11).
3
Let o(z) = 4*z**2 + 61*z - 15. Determine o(-15).
-30
Let q(j) = -j**2 - 12*j - 26. Calculate q(-11).
-15
Let m(f) = -7*f - 6. Determine m(-3).
15
Let x(y) = -y**3 - y**2 + 7. Determine x(0).
7
Let o(u) = 2*u**3 + 2*u**2 - 4*u - 2. Give o(-3).
-26
Let l(x) = -x + 32. Calculate l(11).
21
Let v(u) = 5*u + 41. Calculate v(-7).
6
Let q(i) = i**3 + i**2 - 3*i - 8. Calculate q(-2).
-6
Let d(u) = -122*u + 3. What is d(-1)?
125
Let c(q) = -6*q**2 + 5*q - 2. Determine c(3).
-41
Let h(g) = 6*g + 42. Calculate h(-8).
-6
Let i(f) = 48*f - 317. Give i(7).
19
Let j(r) = -2*r**3 - 14*r**2 - 10*r + 6. Determine j(-6).
-6
Let k(q) = q**2 - 22*q + 133. What is k(9)?
16
Let y(m) = -m**2 - 19*m + 10. Give y(-14).
80
Let t(q) = 7*q**2 - 4*q + 4. What is t(4)?
100
Let n(x) = 9*x**2 - 14*x + 1. Calculate n(3).
40
Let v(c) = -c**3 + 3*c**2 + 4*c + 4. Calculate v(5).
-26
Let b(p) = 2*p**2 - 13*p - 19. What is b(8)?
5
Let s(r) = -r - 38. Give s(-45).
7
Let g(a) = -5*a + 15. Give g(-8).
55
Let f(c) = -c + 15. What is f(8)?
7
Let w(d) = -d**3 + 9*d**2 + 11*d - 11. Give w(10).
-1
Let f(o) = -10*o - 171. Calculate f(-17).
-1
Let g(a) = -a**3 - a - 1. Give g(0).
-1
Let r(s) = -2*s**3 - 7*s**2 + 7*s + 20. Give r(-3).
-10
Let l(v) = -15*v - 31. Calculate l(-2).
-1
Let x(g) = g**3 + 6*g**2 - 6*g. Give x(-7).
-7
Let j(k) = -k**2 + 4*k + 1. Determine j(5).
-4
Let c(m) = m**2 - 8*m + 6. What is c(8)?
6
Let b(o) = o**3 + 9*o**2 - 46*o - 124. Give b(-12).
-4
Let h(t) = t**2 - 12*t - 36. Calculate h(-3).
9
Let q(k) = -k**2 - 4*k + 8. Determine q(-7).
-13
Let h(o) = -6*o - 95. Calculate h(-13).
-17
Let d(z) = -z**2 + 16*z - 65. Give d(8).
-1
Let p(a) = -3*a + 1. Calculate p(-6).
19
Let f(q) = q**2 - 11*q + 4. Calculate f(9).
-14
Let v(l) = -l**3 + l**2 - l - 1. What is v(-1)?
2
Let i(n) = n - 16. Give i(21).
5
Let m(q) = -2*q**2 + 12*q - 18. Determine m(3).
0
Let b(g) = -3*g - 2. Calculate b(2).
-8
Let u(s) = -20*s**3 + 4*s**2 - 2*s - 1. Calculate u(1).
-19
Let c(s) = 10*s + 33. Calculate c(-4).
-7
Let k(v) = -v**3 - 3*v + 1. Give k(2).
-13
Let b(i) = i**2 - 8*i - 1. Calculate b(6).
-13
Let u(n) = -n**3 - n**2 + n - 17. Determine u(0).
-17
Let v(h) = -95*h + 3. What is v(-1)?
98
Let l(q) = q - 10. Give l(0).
-10
Let q(l) = -l**2 + 24*l - 76. Determine q(4).
4
Let a(c) = 6*c**2 - 7*c - 24. Determine a(-2).
14
Let a(c) = -5*c - 5. Give a(-9).
40
Let u(o) = o**2 - 5*o + 5. Calculate u(2).
-1
Let r(v) = v**3 - 8*v**2 + 4*v - 15. Give r(7).
-36
Let b(c) = 2*c**2 + 4*c + 3. What is b(-4)?
19
Let c(t) = -2*t**3 - 10*t**2 - 8*t - 14. Calculate c(-5).
26
Let g(x) = -x**3 + 3*x**2 + 4*x - 5. Calculate g(5).
-35
Let i(t) = -4*t**2 + t - 2. What is i(1)?
-5
Let l(m) = -m**3 + 10*m**2 - 8*m - 8. What is l(9)?
1
Let f(r) = r**3 + 30*r**2 + 146*r + 50. Give f(-24).
2
Let m(i) = -i**3 + 8*i**2 - 5*i + 4. What is m(5)?
54
Let x(z) = -8*z. Determine x(-7).
56
Let q(i) = -8*i - 192. Calculate q(-26).
16
Let m(u) = 20*u - 8. Calculate m(2).
32
Let a(u) = -6*u - 9. Give a(-4).
15
Let v(i) = -i**2 - 5*i + 1. Give v(-7).
-13
Let z(l) = 2*l**3 - 7*l**2 + l + 1. Calculate z(3).
-5
Let n(d) = 6*d - 21. Determine n(9).
33
Let k(v) = 55*v**3 - v**2 - 3*v - 2. Give k(-1).
-55
Let v(r) = -3*r + 107. Give v(19).
50
Let k(x) = -5*x + 13. What is k(-13)?
78
Let x(k) = -2*k + 8. Calculate x(15).
-22
Let l(f) = f**3 - 8*f**2 + 11*f - 11. Calculate l(8).
77
Let h(k) = -k**3 + 34*k + 9. Give h(5).
54
Let k(c) = c**3 - 7*c**2 + 5*c - 15. Give k(7).
20
Let a(x) = x**2 - 13*x + 19. What is a(13)?
19
Let f(r) = -10*r - 104. Determine f(-9).
-14
Let x(u) = u**3 - 7*u**2 - 7*u - 2. Give x(8).
6
Let w(x) = 2*x - 58. What is w(10)?
-38
Let j(n) = n**3 + 9*n**2 - 23*n - 122. What is j(-10)?
8
Let h(m) = -27*m + 94. What is h(4)?
-14
Let i(q) = 2*q**2 - 40*q - 38. Calculate i(21).
4
Let b(k) = k**3 - 3*k**2 + 3*k - 6. Wha